 + 11, -c*f = 4*z + 8. Suppose -2*v + f*v + 46 = 0. Is v a prime number?
True
Suppose h + 2 - 3 = 0. Suppose j = h - 2. Is (-4 + -5)*j*1 prime?
False
Let p(b) = -b**3 + b + 1. Let j be p(-1). Suppose 0 = y - j - 4, 5*y = -3*i + 136. Is i composite?
False
Let a = 13 + -5. Let w(k) = 2*k**3 - 13*k**2 - 4*k - 10. Let y(u) = -u**3 + 4*u**2 + u + 3. Let z(x) = a*y(x) + 3*w(x). Is z(-5) a prime number?
True
Suppose 4*d - 2*c - 1788 = 2*d, 2*c + 4455 = 5*d. Is d prime?
False
Let m be (432/45)/(3/50). Suppose -w = 4*a + 2*w - 146, -4*w = -4*a + m. Is a a prime number?
False
Suppose 2*o - 3486 = -4*c - 0*o, 3*o = 15. Is c a composite number?
True
Suppose -2*x + 0 + 4 = 0. Suppose -6*g + x*g - 4 = -4*n, 3*n + g = -17. Is (-6 - n)/(2/(-37)) prime?
True
Let v(w) = -249*w + 48. Is v(-11) composite?
True
Let s = -35 + 60. Is s a prime number?
False
Let t be (10/(-4))/((-1)/2). Let o be (-1)/t + (-42)/(-10). Let n(s) = 5*s**2 + s - 5. Is n(o) prime?
True
Suppose 10 = 2*b - u - 0*u, -10 = -2*b - 4*u. Suppose b*p = -2*m + 67, 2*m + 2*m - 3*p = 121. Is m prime?
True
Let w(r) = 4*r**2 + 8*r + 5. Is w(-5) prime?
False
Suppose -2*r = -a + 4*a, 0 = 4*r - 3*a + 18. Let g(o) = -o**3 - o**2 + 2*o - 2. Is g(r) a composite number?
True
Is (-6)/(-16) - (-38290)/80 a composite number?
False
Suppose 3*x = -10*i + 5*i + 2329, 2343 = 5*i - 4*x. Is i composite?
False
Suppose -f = 3*u + 2*f - 3666, -u + 1210 = -3*f. Is u a prime number?
False
Let z be 2/9 + 238/(-18). Let y = -11 + z. Let v = -5 - y. Is v a composite number?
False
Let w(d) = 100*d**2 - 4*d - 13. Is w(6) a prime number?
False
Let g(h) = -7 + 0*h**2 + 10*h - 4*h**2 + 5*h**2. Is g(6) a prime number?
True
Suppose 5*s - 4113 = 492. Is s prime?
False
Let l = 168 - 99. Let g = 182 - l. Is g a prime number?
True
Let y be 3 + 1 - 3/3. Suppose 2*h - 234 = a + a, 0 = -y*a. Suppose -5*t = m - 0*t - h, -t = -5*m + 481. Is m prime?
True
Suppose -2*l + 4*y + 2 - 6 = 0, 3*l = -2*y + 10. Suppose 4*p - 2*t = 334, l*p - 92 = -5*t + 69. Is p a composite number?
False
Let a = -10 + 11. Let p(v) = 3*v + v**2 + a + 0*v + 68*v**3 - 2 - 2*v. Is p(1) a prime number?
False
Let b be (0/(2 - -1))/1. Suppose b = -0*s - 4*s + 200. Let z = s + 17. Is z prime?
True
Suppose -5*r = 4*d - 119 + 11, 0 = 4*r - 5*d - 70. Let v be ((-6)/(-9))/((-1)/(-6)). Suppose v*o = -o + r. Is o composite?
True
Suppose -3*x = -0*x. Let t be (10/(-1) - -1) + x. Let f = 13 - t. Is f a prime number?
False
Let p(h) = 15*h - 4. Suppose 8 = -4*j - 4. Let u be (-6)/4*(j - 1). Is p(u) prime?
False
Let v(q) be the third derivative of q**6/120 - q**5/10 - 7*q**4/24 + 7*q**3/6 - q**2. Let s be v(5). Let n = s - -75. Is n composite?
True
Suppose 0 = -t + 2*t - 58. Let u = t + 247. Is u a prime number?
False
Is (-3 - -4)/(3/879) composite?
False
Let n(f) = 49*f + 42. Is n(11) a prime number?
False
Suppose -3*u + 40 = 5*d, 75 = 6*d - d - 4*u. Is d composite?
False
Suppose 13*x - 20840 = 5*x. Is x a composite number?
True
Let r(u) = u**2 - 16*u + 8. Let y be r(6). Let l = y + 73. Is l a prime number?
False
Suppose -6*n + 7*n - 2 = 0. Suppose n*a - 37 = -j, -4*j = j - 3*a - 185. Is j prime?
True
Let o(c) = -16*c**2 + c + 40*c**2 + 2 + 13*c**2 - 1. Let u be o(-1). Let h = -14 + u. Is h a prime number?
True
Let n = -93 - -54. Let v = n + 118. Is v prime?
True
Is -5 + 5 + 72 + -3 a composite number?
True
Let w(t) = t**2 + t + 1. Let b be w(6). Suppose -3*k - 4*c = -c + 36, -4*c = 5*k + 60. Let m = k + b. Is m a prime number?
True
Suppose -2*o - 2*o = r + 21, -2*r - 27 = 5*o. Is r*(2 - 1)*-47 a prime number?
True
Suppose 3*k - 45 = 3*i, 4*i + 52 = 4*k + 2*i. Suppose k*t + 1015 = 16*t. Is t a prime number?
False
Is (-7*2/(-28))/(1/1118) a composite number?
True
Let z be -3 + 9/(-1)*1. Is 4/z + (-1902)/(-9) a prime number?
True
Suppose -19 = -3*f - 5*v + 7, f - 3*v - 4 = 0. Suppose 0 = -4*s + 5 + f. Is s composite?
False
Suppose 3 = 3*k - 2*k. Suppose 0 = -s - 3*s - k*h + 197, 174 = 3*s - 3*h. Is s composite?
False
Suppose 9222 = 9*o - 20847. Is o composite?
True
Let r(f) = -f - 3. Let u be r(-6). Suppose 0 = -u*n - n + 2452. Is n prime?
True
Suppose -13 + 49 = 3*v. Let w = v - 7. Suppose t + 4*u = 267, -w*t + 3*u - 6*u + 1301 = 0. Is t prime?
False
Suppose 2*r + 4*w = 6, 0 = r + 4*r - 3*w + 24. Let c(f) be the first derivative of f**4/4 + 2*f**3 - 3*f**2/2 + f + 6. Is c(r) prime?
True
Suppose 0 = -3*w + 7 + 5. Suppose 3*c + 3 = 0, 0 = 3*n + 5*c - 5 + w. Is n composite?
False
Suppose 3*t - 6 = 2*t. Suppose 56 = 3*k - 2*z, 0 = 2*k + 3*z - t - 14. Suppose 3*g - 41 = k. Is g a prime number?
True
Suppose -921 = 3*p - 213. Let k = 333 + p. Is k composite?
False
Suppose i = -4*f + 4327, -6*f - 3*i + 5407 = -f. Is f a prime number?
False
Suppose -5*q - 2 = -n, -2*n - 5*q + 10 = 3*n. Suppose -s = n*o - 83, 323 = 3*s + s + 5*o. Is s composite?
True
Let l(m) be the third derivative of m**5/60 - m**4/6 - 5*m**3/6 + 2*m**2. Let h be l(5). Suppose 4*v + 6 - 82 = h. Is v a composite number?
False
Suppose -5*p + 2*v + 8591 = 0, 4*p + 7*v - 6853 = 2*v. Is p a composite number?
True
Suppose y - 24 = -s - 4*y, 0 = -y + 4. Suppose -s*t + 498 = 2*t. Is t composite?
False
Let a(o) = -108*o. Let h be a(-7). Suppose 0*t - t = -16. Is h/t + (-1)/4 a prime number?
True
Let l = -66 - -114. Let x = l - -29. Is x composite?
True
Suppose 5*i - 2*s + 15 = 3*s, -4*i - 30 = 2*s. Let w = i - -9. Is ((-26)/(-8))/(w/12) a prime number?
True
Let s(v) = -v**3 - 3*v**2 + 3*v - 4. Let i(m) = m**2 + m - 5. Let w be i(0). Is s(w) a composite number?
False
Let t be (3/3 + -1)/(-1). Suppose -a = -t*a - 3. Suppose 0 = -n - a*n + 140. Is n a prime number?
False
Let c(g) = g**2 - 3*g - 2. Let d be c(3). Is (-2)/d*(100 + -3) a composite number?
False
Suppose -582 = -3*q + 3*o, q - 200 = o + 2*o. Is q a composite number?
False
Let c be 2/9 - (-10)/(-45). Suppose c = 3*u - 9, -35 = -2*x - 2*u + 5*u. Is x a prime number?
False
Let d = -3 - -1. Is d/(-6)*(0 - -285) a composite number?
True
Let c(q) = 349*q**2 - 5*q - 7. Is c(-2) prime?
True
Suppose -3*f = 5*q - 470, -2*f + 310 = -0*q + 4*q. Suppose y = -4*y + f. Is y prime?
False
Let k = 4 - 2. Let c(y) = -2*y + 5*y**2 + 8*y**k + 2*y**2 + 3. Is c(2) composite?
False
Suppose 5*h + 4083 = 8*h. Is h a composite number?
False
Let o(k) = k**3 + 8*k**2 + 7*k. Let m be o(-7). Suppose 2*a - 134 = -m*a. Is a prime?
True
Suppose 0 = -364*a + 366*a - 2794. Is a a prime number?
False
Let t(d) be the third derivative of d**5/15 - d**4/24 - 5*d**3/6 + 5*d**2. Is t(-8) a composite number?
True
Let z = -163 + 246. Is z composite?
False
Suppose 0*z + 3*i = 3*z - 12, -3*i = z - 4. Suppose -4*n - z = -1060. Let x = n + -73. Is x prime?
True
Let o(x) = -3*x + 18*x - 1 - x. Let u(w) = -w**3 + 8*w**2 + 8*w + 13. Let f be u(9). Is o(f) a composite number?
True
Suppose 0 = 5*d - 7 - 8. Suppose d*a - 2015 + 560 = 0. Is a composite?
True
Let y be ((-4)/6)/((-1)/(-3)). Let v be (-7)/(-4) - y/8. Is ((-9)/6)/(v/(-76)) prime?
False
Let i = 41 + 20. Suppose -4*l = -79 - i. Is l prime?
False
Let b(c) = 4*c**2 + 1. Suppose -4 = w + 3*w. Let i be b(w). Let v = 84 - i. Is v a prime number?
True
Let p(t) = 5*t**2 + t**2 + 7 + 13*t - 7*t**2. Let x be (-1 + 1 - 1)*-7. Is p(x) prime?
False
Is (-151685)/(-23)*(0 - 2/(-5)) composite?
True
Let r(u) = -u**3 - 16*u**2 - u + 22. Let a be r(-16). Suppose -357 = -5*t + a. Is t prime?
True
Suppose 5*f - 35 = -5*c, c = -0*c + 4*f - 13. Suppose 2*q + 44 = 3*q + 2*s, 0 = -5*q - c*s + 255. Let l = q + 5. Is l composite?
False
Let z(k) = k - 1. Let d be z(2). Suppose 3*w + 3*h - 15 = 0, -2*w - d = -3*h - 6. Suppose w*l = -72 + 268. Is l composite?
True
Let w(m) = -m. Let l(v) = -v**2 + 7*v - 6. Let f(k) = -l(k) - w(k). Is f(7) a prime number?
True
Let s = 0 - -15. Is s a composite number?
True
Suppose -k - 3 = -43. Let b = -21 + k. Is b composite?
False
Let q(v) = 2*v**2 - 10*v - 11. Let f be q(8). Suppose -i - f = -4*g + 5, -5*g = -i - 53. Is g composite?
False
Suppose -3*t = -2*s - 16, -4*t + 5 = 2*s - 7. Let l(r) = -2*r - 2 + 11*r - 1. Is l(t) a composite number?
True
Let n = 5115 - 3444. Is n a prime number?
False
Let b(d) = d**3 + 22*d**2 + 22*d + 11. Is b(-20) a prime number?
False
Let p(q) = 20*q**3 + 7*q**2 + 9. Let b(u) = -7*u**3 - 2*u**2 - 3. Let f(g) = 17*b(g) + 6*p(g). 